{"id":23,"date":"2024-11-09T14:46:04","date_gmt":"2024-11-09T13:46:04","guid":{"rendered":"http:\/\/cracpanboumhop.com\/?page_id=23"},"modified":"2025-01-28T14:58:22","modified_gmt":"2025-01-28T13:58:22","slug":"a-propos","status":"publish","type":"page","link":"https:\/\/cracpanboumhop.com\/index.php\/a-propos\/","title":{"rendered":"\u00e0 propos"},"content":{"rendered":"\n<p class=\"has-dm-sans-font-family\">CRAC PAN BOUM &amp; HOP est un micro studio de graphisme bas\u00e9 \u00e0 Bruxelles. <\/p>\n\n\n\n<p class=\"has-dm-sans-font-family\">Cr\u00e9ation de logotypes, flyers, identit\u00e9s visuelles, sites internet (WordPress + OVH + maintenance), posts Facebook\/Instagram, banni\u00e8res Facebook, cartes postales, cartes de visite, livres\/livrets et de <em>toutes vos id\u00e9es!<\/em><\/p>\n\n\n\n<p class=\"has-dm-sans-font-family\">Contactez-moi pour plus d&rsquo;informations.<\/p>\n","protected":false},"excerpt":{"rendered":"<p>CRAC PAN BOUM &amp; HOP est un micro studio de graphisme bas\u00e9 \u00e0 Bruxelles. Cr\u00e9ation de logotypes, flyers, identit\u00e9s visuelles, sites internet (WordPress + OVH + maintenance), posts Facebook\/Instagram, banni\u00e8res Facebook, cartes postales, cartes de visite, livres\/livrets et de toutes vos id\u00e9es! Contactez-moi pour plus d&rsquo;informations.<\/p>\n","protected":false},"author":1,"featured_media":0,"parent":0,"menu_order":0,"comment_status":"closed","ping_status":"closed","template":"","meta":{"footnotes":""},"class_list":["post-23","page","type-page","status-publish","hentry"],"_links":{"self":[{"href":"https:\/\/cracpanboumhop.com\/index.php\/wp-json\/wp\/v2\/pages\/23","targetHints":{"allow":["GET"]}}],"collection":[{"href":"https:\/\/cracpanboumhop.com\/index.php\/wp-json\/wp\/v2\/pages"}],"about":[{"href":"https:\/\/cracpanboumhop.com\/index.php\/wp-json\/wp\/v2\/types\/page"}],"author":[{"embeddable":true,"href":"https:\/\/cracpanboumhop.com\/index.php\/wp-json\/wp\/v2\/users\/1"}],"replies":[{"embeddable":true,"href":"https:\/\/cracpanboumhop.com\/index.php\/wp-json\/wp\/v2\/comments?post=23"}],"version-history":[{"count":4,"href":"https:\/\/cracpanboumhop.com\/index.php\/wp-json\/wp\/v2\/pages\/23\/revisions"}],"predecessor-version":[{"id":376,"href":"https:\/\/cracpanboumhop.com\/index.php\/wp-json\/wp\/v2\/pages\/23\/revisions\/376"}],"wp:attachment":[{"href":"https:\/\/cracpanboumhop.com\/index.php\/wp-json\/wp\/v2\/media?parent=23"}],"curies":[{"name":"wp","href":"https:\/\/api.w.org\/{rel}","templated":true}]}}